is divided by 3501?
49
What is the remainder when 33059 is divided by 1002?
995
What is the remainder when 58826 is divided by 82?
32
Calculate the remainder when 55711 is divided by 147.
145
Calculate the remainder when 4431 is divided by 260.
11
What is the remainder when 33981 is divided by 82?
33
Calculate the remainder when 2546786 is divided by 317.
8
What is the remainder when 3758 is divided by 122?
98
What is the remainder when 141384 is divided by 23564?
0
What is the remainder when 1098357 is divided by 73?
72
What is the remainder when 93347 is divided by 12?
11
What is the remainder when 234231 is divided by 38?
37
What is the remainder when 571888 is divided by 5?
3
What is the remainder when 1653115 is divided by 36?
31
Calculate the remainder when 11549 is divided by 3841.
26
Calculate the remainder when 33876 is divided by 385.
381
Calculate the remainder when 100577 is divided by 100524.
53
Calculate the remainder when 1334 is divided by 168.
158
What is the remainder when 273761 is divided by 264?
257
What is the remainder when 2722 is divided by 1867?
855
Calculate the remainder when 5829 is divided by 104.
5
Calculate the remainder when 13779 is divided by 288.
243
What is the remainder when 956 is divided by 300?
56
What is the remainder when 80739 is divided by 26909?
12
Calculate the remainder when 331682 is divided by 57.
56
Calculate the remainder when 88217 is divided by 60.
17
Calculate the remainder when 20393 is divided by 64.
41
What is the remainder when 29325 is divided by 1712?
221
What is the remainder when 6698 is divided by 10?
8
What is the remainder when 288 is divided by 128?
32
What is the remainder when 348724 is divided by 178?
22
What is the remainder when 13893 is divided by 44?
33
Calculate the remainder when 40239 is divided by 958.
3
What is the remainder when 16952 is divided by 5534?
350
Calculate the remainder when 312499 is divided by 161.
159
Calculate the remainder when 379086 is divided by 9.
6
Calculate the remainder when 753552 is divided by 83.
78
Calculate the remainder when 14343 is divided by 2866.
13
What is the remainder when 11097 is divided by 15?
12
What is the remainder when 21045 is divided by 19?
12
What is the remainder when 4570 is divided by 1509?
43
Calculate the remainder when 2562333 is divided by 992.
989
Calculate the remainder when 550 is divided by 72.
46
Calculate the remainder when 923147 is divided by 133.
127
What is the remainder when 172464 is divided by 679?
677
What is the remainder when 65038 is divided by 75?
13
Calculate the remainder when 17528 is divided by 600.
128
Calculate the remainder when 1650 is divided by 15.
0
Calculate the remainder when 11718 is divided by 5785.
148
Calculate the remainder when 174181 is divided by 77.
7
What is the remainder when 354 is divided by 276?
78
What is the remainder when 189391 is divided by 23?
9
Calculate the remainder when 10099 is divided by 91.
89
Calculate the remainder when 16627 is divided by 49.
16
What is the remainder when 49744 is divided by 1304?
192
What is the remainder when 766780 is divided by 85?
80
What is the remainder when 1323 is divided by 450?
423
Calculate the remainder when 4522 is divided by 26.
24
Calculate the remainder when 5886 is divided by 4853.
1033
Calculate the remainder when 101989 is divided by 31.
30
Calculate the remainder when 21063 is divided by 491.
441
Calculate the remainder when 25976 is divided by 25313.
663
Calculate the remainder when 8268 is divided by 14.
8
Calculate the remainder when 1458 is divided by 1424.
34
Calculate the remainder when 2479 is divided by 226.
219
Calculate the remainder when 120124 is divided by 426.
418
Calculate the remainder when 3749 is divided by 250.
249
What is the remainder when 31146 is divided by 10378?
12
Calculate the remainder when 577864 is divided by 64205.
19
Calculate the remainder when 112818 is divided by 56399.
20
What is the remainder when 4988 is divided by 53?
6
Calculate the remainder when 1109 is divided by 501.
107
What is the remainder when 60460 is divided by 435?
430
What is the remainder when 30263 is divided by 24?
23
What is the remainder when 200076 is divided by 1177?
1163
What is the remainder when 126857 is divided by 3964?
9
Calculate the remainder when 286448 is divided by 57288.
8
What is the remainder when 3958 is divided by 782?
48
Calculate the remainder when 12603 is divided by 197.
192
Calculate the remainder when 302786 is divided by 912.
2
What is the remainder when 450394 is divided by 23?
8
Calculate the remainder when 7820 is divided by 486.
44
Calculate the remainder when 21244 is divided by 141.
94
What is the remainder when 278578 is divided by 4?
2
Calculate the remainder when 54398 is divided by 40.
38
What is the remainder when 283 is divided by 65?
23
What is the remainder when 92728 is divided by 2062?
2000
What is the remainder when 33953 is divided by 63?
59
Calculate the remainder when 2478 is divided by 1234.
10
Calculate the remainder when 129459 is divided by 135.
129
Calculate the remainder when 25074 is divided by 8292.
198
Calculate the remainder when 59466 is divided by 252.
246
Calculate the remainder when 15914 is divided by 199.
193
Calculate the remainder when 24695 is divided by 154.
55
Calculate the remainder when 567299 is divided by 12.
11
Calculate the remainder when 1334 is divided by 408.
110
What is the remainder when 2771 is divided by 2734?
37
What is the remainder when 24006 is divided by 4800?
6
Calculate the remainder when 12170 is divided by 472.
370
What is the remainder when 1542689 is divided by 454?
451
Calculate the remainder when 162598 is divided by 4.
2
What is the remainder when 146639 is divided by 18?
11
What is the remainder when 82260 is divided by 249?
90
What is the remainder when 10655 is divided by 1799?
1660
Calculate the remainder when 644 is divided by 33.
17
Calculate the remainder when 3858 is divided by 387.
375
What is the remainder when 5747 is divided by 952?
35
What is the remainder when 23659 is divided by 94?
65
Calculate the remainder when 29147 is divided by 111.
65
Calculate the remainder when 113719 is divided by 8.
7
Calculate the remainder when 2972806 is divided by 743200.
6
Calculate the remainder when 3493 is divided by 233.
231
Calculate the remainder when 120069 is divided by 116.
9
What is the remainder when 37244 is divided by 65?
64
What is the remainder when 196734 is divided by 10352?
46
What is the remainder when 45180 is divided by 17?
11
Calculate the remainder when 12900 is divided by 2578.
10
What is the remainder when 2887 is divided by 559?
92
What is the remainder when 33819 is divided by 190?
189
What is the remainder when 455 is divided by 108?
23
What is the remainder when 1542724 is divided by 18?
16
What is the remainder when 53581 is divided by 1011?
1009
Calculate the remainder when 21200 is divided by 6551.
1547
Calculate the remainder when 9287 is divided by 4401.
485
What is the remainder when 4620 is divided by 1535?
15
Calculate the remainder when 1751 is divided by 290.
11
Calculate the remainder when 485209 is divided by 52.
49
Calculate the remainder when 14836 is divided by 47.
31
What is the remainder when 1253 is divided by 149?
61
What is the remainder when 803614 is divided by 50?
14
What is the remainder when 388154 is divided by 1213?
1207
What is the remainder when 1020 is divided by 327?
39
Calculate the remainder when 7705 is divided by 1100.
5
Calculate the remainder when 8471 is divided by 2808.
47
What is the remainder when 2986 is divided by 372?
10
What is the remainder when 4672 is divided by 92?
72
Calculate the remainder when 2523 is divided by 179.
17
Calculate the remainder when 44410 is divided by 671.
124
Calculate the remainder when 204268 is divided by 619.
617
Calculate the remainder when 783102 is divided by 77.
12
What is the remainder when 9781 is divided by 9747?
34
Calculate the remainder when 25086 is divided by 8297.
195
What is the remainder when 114581 is divided by 39?
38
What is the remainder when 124078 is divided by 88?
86
What is the remainder when 1749 is divided by 777?
195
Calculate the remainder when 3483 is divided by 147.
102
What is the rema